0.
-11
What is -7 - (14 - (2 - -22))?
3
Calculate (0 - (4 - 1)) + -3 + (-10 - -7).
-9
What is 0 + 1 + -22 - (909 + -918)?
-12
20 - (-4 + 19) - (2 + -3)
6
Calculate (6 + 23 - (-14 - -18)) + -3 + -1.
21
Calculate (-13 - -29) + 7 - 17.
6
9 + 19 + -11 - 35
-18
Calculate -23 + 42 - -9 - 29.
-1
Calculate (-5 - (-8 + 4)) + 2 - -3 - 4.
0
Calculate 12 + (1 + -3 - (16 + -8 + -10)).
12
5 + -2 + -11 + 17 + -3
6
What is -25 + (-21 - -63 - 7)?
10
Calculate (0 - -3) + (19 - 26) - (-1 - 7).
4
What is the value of 29 - (35 - 16) - -13?
23
-3 - (10 + (23 + -18 - (15 - 0)))
-3
0 - -29 - (234 + -226)
21
What is the value of (-128 + 42 - -45) + 17?
-24
Evaluate -19 + -5 + 17 + -2.
-9
Calculate -3 + -13 + 19 + -4 + 9.
8
What is the value of (4 - 15 - -43) + -51?
-19
Evaluate 20 + 20 + 0 + -10 + (5 - 7).
28
Evaluate 1 + -3 + 16 - -3 - -5.
22
What is (-19 - -15 - 30) + 18?
-16
Evaluate 1 + -15 + (-17 - -80) + -16.
33
What is 9 + 0 - (-6 + (1 - -19) - 12)?
7
-4 + (2 - 6) + (3 - 12 - -16)
-1
(0 - -8) + -136 + 145
17
What is the value of 15 + (-17 - -12) - -15?
25
Evaluate (-249 - -248) + (6 - -1) + -38.
-32
What is (29 - 23) + (0 + 3 - (-6 + 14))?
1
What is (6 - (1 - 9)) + (-1 - -7) + -5?
15
Calculate -125 - -129 - (-12 - -2).
14
4 - (14 + (-5 + 2 - -2 - 4))
-5
Calculate -9 - (9 + (0 - 0) + -8).
-10
What is 19 - 14 - 9 - -4?
0
Evaluate 40 + -4 + -19 - 10 - (0 + 6).
1
Calculate -7 + 35 - (18 - -10).
0
What is the value of -7 + 15 + -11 + 3?
0
What is the value of 2 - 0 - -4 - (-10 + 5 - -13)?
-2
Evaluate 6 + -19 + (-15 - -17).
-11
What is the value of 3 + (-12 - (-2 + -1 + -6 - -7))?
-7
-25 + (-26 - -25 - -11)
-15
What is (5 + (-12 - -2) - -15) + -2 + 3?
11
-34 + -1 + -33 - -33
-35
Evaluate 12 - 20 - (7 - (-5 - -20)).
0
What is (3 - (6 - -7)) + -1 + -7 - 1?
-19
What is 3 + (12 - (11 - -36))?
-32
Calculate (-1 - 19) + (3 - -4) + 2.
-11
4 + (-13 - (-16 - 5)) + -5
7
Evaluate -1 + 4 - (49 + -47).
1
Evaluate -17 - (2 + 19 + -37).
-1
Calculate -4 - -20 - (-25 - -30 - (-1 + 10)).
20
What is (-21 - -19) + -22 + -5?
-29
What is the value of (-13 - (-15 + 11)) + 13?
4
7 + -1 - (-847 + 838)
15
What is -25 + (9 - 1) - (-6 - 0)?
-11
(5 - -17) + (-8 - (11 - (-3 - -14)))
14
What is 6 + (7 - 16) + 18 + -19?
-4
28 + -9 + 5 + -10
14
What is (-2 - -22 - 12) + 0 + (1 - 5)?
4
2 + -7 + 32 - (-56 - -56)
27
What is (-6 - (1 - 0)) + (-160 - -153)?
-14
-14 - -53 - 23 - -1
17
Evaluate (-16 - -22) + 0 - -11.
17
-7 - (6 + -12 + -1 + 0 + 0)
0
Evaluate (-6 - (-7 - -7 - 5)) + -1 + -2.
-4
What is the value of 7 - ((5 - -10) + -8)?
0
Evaluate 39 + -56 + (-6 + (-1 - 0) - 0).
-24
9 - (13 + (-22 - -10))
8
What is -8 + 22 + (4 - 14)?
4
What is (4 - 13) + 4 - (-13 - (0 + 0))?
8
What is the value of (-35 - -51) + (2 - 18)?
0
What is -4 - -1 - (-13 - -19 - (-2 - -2))?
-9
Evaluate 3 - (3 + -10 - -2) - (-667 - -688).
-13
What is (19 - -8) + (-2 - (10 - (6 - 4)))?
17
-10 - (0 + 2 + 0) - -22
10
Evaluate (6 - 7) + 0 + 0 - (-10 - -7).
2
What is the value of 1 + 1 + -1 + (-407 - -410)?
4
Evaluate -9 - (0 - (8 + -8) - 4 - -3).
-8
Calculate (3 - (-14 - -35)) + 17.
-1
Evaluate 6 + (12 - (12 + 4)) - (0 + 1).
1
What is -32 + (-29 - -29 - -51)?
19
Evaluate (-1 + 19 - 2) + 396 + -404.
8
What is (-54 - -62) + (0 - -2) + 9?
19
What is (0 - 0) + (-4 - (8 + (0 - 8)))?
-4
-46 + (11 - -26) + -3
-12
Calculate -10 + 20 + -5 + 1 - -2.
8
Calculate 25 + -56 + (37 - 25).
-19
Calculate 9 + (-10 - (11 + -26)).
14
10 + -13 - -1 - -2
0
What is -16 + 113 + -114 + (-1 - 6)?
-24
What is the value of (-25 - -2) + 5 - (-23 - -17)?
-12
What is the value of -16 + 31 - (25 - 7)?
-3
Evaluate 16 - (28 - (2 + 13)).
3
What is -13 + -22 + 50 - (6 + -1)?
10
What is (6 - (1 - (0 + 4))) + -2 - 0?
7
Calculate -5 - (-10 - (-6 + -4 - 10)).
-15
What is 27 - 19 - (-1 + -3 + 26 + 0)?
-14
What is the value of -3 - (9 + -6 - (0 - -7))?
1
Calculate (-13 - -16) + 9 + -16.
-4
What is the value of -10 - (7 + -1) - 1?
-17
What is the value of 4 + (5 - 22 - -4) - (-147 - -127)?
11
What is 0 + 3 + -10 + 11 + 2 - 15?
-9
Evaluate 2 + (4 + 2 - (43 + -36)).
1
Calculate -6 + -26 + 23 + -2 + -6.
-17
What is the value of -22 - -36 - (17 + -8)?
5
Evaluate (-17 - -8) + 5 - 10.
-14
Evaluate -716 + 733 - (0 - -2).
15
What is the value of (0 - 0) + 14 + 1?
15
3 - (-2 + 14 - (-9 + -11 + 16))
-13
Evaluate (-10 - -14) + 6 + 11 + 1 + -1.
21
What is 4 + 1 + (17 - -9 - 20)?
11
What is -13 + 2 + -17 - -24?
-4
-7 + -3 + -2 + (27 - 9)
6
Calculate 19 + -17 - -22 - 12.
12
What is the value of 23 - (5 + -1 + (2 + 6 - 15))?
26
What is the value of (-21 - -8) + -9 + 23?
1
Calculate 46 + -28 + -4 + (0 - -14).
28
What is the value of (20 - 14) + -26 + -12?
-32
What is the value of (-12 - -38) + (-53 - -5)?
-22
-13 - -21 - (2 - -13) - -11
4
(4 - (33 - 36 - (-12 + -1))) + -3
-9
What is 12 + -17 - (-35 - -31)?
-1
What is the value of (7 - (-1 + 3)) + -15 + 3 - -15?
8
What is the value of 2 + 39 + -36 + (0 - (5 - -4))?
-4
What is the value of (2 - 0) + 1 + 5 + -12?
-4
(30 - (2 + 6)) + (-5 - -8)
25
Evaluate 19 + (-8 - ((-4 - -23) + -8 + -24)).
24
What is the value of (7 - -6 - (-3 + 2 + 4)) + -6?
4
What is -2 - 12 - (32 + -60 + 30)?
-16
What is the value of -27 - (-13 + 3 - 1)?
-16
(-1 - 0) + (-23 - (-9 + (-2 - -3)))
-16
What is 7 + -52 + 19 + 1?
-25
What is the value of -34 + 34 - -6 - (18 - 1)?
-11
What is the value of -19 - (-6 - (11 - 14))?
-16
(-3 + 8 - (18 + -8)) + -23 + 15
-13
Evaluate (34 - (42 - -29)) + 14.
-23
What is (9 - -4) + -11 + -1 + -26?
-25
What is the value of (-25 - 0) + (-11 + 22 - -2)?
-12
Evaluate (4 - 8) + (-61 - -75) - (0 + -4).
14
Evaluate -8 + -2 + -1 + (-7 - -2).
-16
-31 + (-10 - -28) - -30
17
What is (6 - 15 - -10) + 11?
12
What is (-9 - (-3 - 5)) + 1 + 0 - 10?
-10
What is the value of 8 + 11 + -11 - (-5 + 6 + 11)?
-4
What is the value of (12 - (-38 - -10)) + -16 - -1?
25
What is (15 - (20 - 9)) + -17?
-13
Calculate 1 + -15 - ((-4 - 21) + -1).
12
What is the value of 1 + -10 + 2 + 12 - 20 - -5?
-10
Evaluate 1 - (6 - ((-7 - -6) + 1 + -5)).
-10
What is -38 + -6 + 33 + 8?
-3
(-14 - 17) + 64 - 56
-23
What is (-17 + 1 - (10 - 8)) + 4 - -1?
-13
What is -10 - ((-8 - (-2 + -3)) + 1 + 0)?
-8
What is the value of -3 - 3 - (0 - 1 - -3 - -3)?
-11
-11 + 3 + -1 - 0 - (-134 + 124)
1
What is -1 + -48 + 16 + 24?
-9
Calculate -216 - -205 - (-22 + 0).
11
Evaluate 45 + -74 + 56 + -22.
5
What is -5 + 1 - (-5 + (-19 - -17))?
3
What is (11 - 5 - 7) + (4 + -8 - -9)?
4
(-2 - -5 - 6) + (-3 - 0) + -2
-8
55 + -25 + 7 + 5 + -12
30
What is 21 + 3 + 0 + 6 + -14 + 1?
17
Calculate (-1 - -7) + -5 - -3 - 13.
-9
Calculate 25 - 6 - -5 - 40.
-16
What is (-1197 - -1232) + -27 + 0?
8
-9 + -1 + (-13 + 2 + 2 - -13)
-6
Calculate -9 + 5 + 2 + -4.
-6
5 + -3 + -8 + 8
2
11 - 9 - (-15 + 2)
15
Calculate (23 - 16) + -4 + (6 - (-2 - -5)).
6
What is the value of 3 + 5 - 10 - (23 + -4)?
-21
5 + 0 - (-1 - 1)
7
(5 - (3 - (7 - 5 - 2))) + -2
0
Calculate (-7 - (-3 - 12)) + (-3 - 10) + -3.
-8
What is 9 + 14 + -17 + 0?
6
349 + -333 + 22 + -2
36
What is (-11 - -5) + 4 + 0 - (-43 + 38)?
3
Evaluate 84 + -85 + 0 + -2 - 1.
-4
What is -20 + -44 + 33 + 13?
-18
Calculate 0 + 1 - (5 - (23 - (2 + 7))).
10
-9 + 8 + -9 - (5 - 31)
16
What is -2 - (6 + 24 + -20)?
-12
Evaluate 2 + 1 + (-39 - -24) + 1.
-11
Calculate -4 + (4 + 7 - 3) - (-41 + 25).
20
Evaluate (1 - (3 - (1 - 3))) + (-70 - -48).
-26
(-30 - -96 - 25) + -23
18
What is the value of (-2 - -9) + 0 - (100 + -119)?
26
What is (-30 - 0) + (30 - (36 + -16))?
-20
Calculate (-4 - (5 + -5)) + 3 + -3 + -14.
-18
What is -1 - (-12 + 18 - 16)?
9
What is -3 + 2 - 7 - 2 - 4?
-14
12 - (-2 + (1 - 0 - -4))
9
What is (13 - 20) + 11 + -13 - -36?
27
Evaluate (1 - -30) + (-193 - -155).
-7
What is 15 - (4 + 2 + 3 + -4)?
10
Evaluate -10 - ((10 - 0 - 21) + 13).
-12
What is 11 + 3 + (3 - 12) - -10?
15
Evaluate -9 + 57 + (-21 - 4).
23
Evaluate 16 + (10 - ((-7 - -23) + -7)).
17
What is the value of (-6 - ((-8 - 8) + 7)) + -12?
-9
(-25 - 0 - -2) + (-11 - -17) + 3
-14
Calculate (-37 - -50) + (-7 - -1) + 0 + 4.
11
(-37 - (8 + -5 + (3 - 8))) + -6
-41
Calculate 20 - (0 - -5) - (1 - -3 - -6).
5
Calculate (15 - (17 - (-3 + 18))) + -34.
-21
Calculate -7 + -20 + 23 + 4.
0
What is 7 + (-23 + 23 - -10)?
17
Calculate (-27 - -2) + (-229 - -263).
9
Evaluate 3 + 13 + 2 + 52 + -56.
14
Calculate (8 - (7 + 5)) + -1.
-5
Calculat